 -5*u + 300. Suppose u = 4*c - c. What are the prime factors of c?
2, 5
Let s = -9 + 13. Suppose 5*d - 5*f - 70 = 0, d - 58 = -s*d - f. List the prime factors of d.
2, 3
Let h = 263 - -3. What are the prime factors of h?
2, 7, 19
Let i = -2 - -39. List the prime factors of i.
37
Suppose -b + 6 = 4. Let y be b - ((-2 - 0) + 2). Suppose y*v + 12 = 5*v. List the prime factors of v.
2
Let y = -6 + 15. Let o = 20 - y. What are the prime factors of o?
11
Let g = 295 - 91. List the prime factors of g.
2, 3, 17
Suppose 0 = 2*s + j - 140, -4*j - 10 = j. Let c = -46 + s. List the prime factors of c.
5
Suppose 0 = -3*x + 67 + 80. Let y = 86 - x. What are the prime factors of y?
37
List the prime factors of 1220/35*14/4.
2, 61
Let z be (1 + 0)/(-2 + 1). List the prime factors of 9 - z - (-2 + -1).
13
Suppose -262 = -4*u + 2. What are the prime factors of u?
2, 3, 11
Suppose l + 0*j - 220 = 4*j, 5*j = -3*l + 626. Let v = l - 150. List the prime factors of 2/(-5) - v/(-5).
2, 3
Let q(c) = 79*c - 1. Let n be q(1). Suppose -8*l = -5*l - n. Let t = 44 - l. What are the prime factors of t?
2, 3
Let f(k) = k**3 + 2*k**2 - k. Let z be f(1). Suppose 0 = 2*o + 4*b, -z*o - b = 3*o - 18. Suppose 0 = -o*s + 40 + 28. What are the prime factors of s?
17
Let d(z) = z**3 - 10*z**2 - 13*z + 8. Let y(u) = -2*u**3 + 21*u**2 + 27*u - 16. Let t(x) = -7*d(x) - 3*y(x). List the prime factors of t(8).
2
What are the prime factors of (16 + -6)/(2/14)?
2, 5, 7
Let d(s) = -5*s**2 - 3 + 5*s**2 + 0*s**2 + 9*s - s**2. Let f be d(8). Suppose -4*w - 3*r + 12 = 0, -w - f*r = -3*w + 32. List the prime factors of w.
2, 3
Suppose -r + 3*r = 30. Let y = r - -3. List the prime factors of y.
2, 3
Let q(k) = k**3 + 2*k**2 - k. Let f be q(1). Suppose 5*j - i = 73, 5*i = -j - 3 + f. List the prime factors of j.
2, 7
Let w be 14 + 3/(0 - 1). Let l = -3 + w. What are the prime factors of l?
2
Let u = -17 - -5. List the prime factors of u/4*(-7)/3.
7
Suppose -7*j + 720 = -j. What are the prime factors of j?
2, 3, 5
Let a be 100/(-6) + (-5)/15. Let x = a - -40. What are the prime factors of x?
23
Let j be (-3 - -3) + 0 + 53. Let t = j - 29. List the prime factors of t.
2, 3
Let h = -57 + 100. List the prime factors of h.
43
Suppose 5*t = 23*t - 1098. List the prime factors of t.
61
Suppose a + 2*f = 2, 4*a - 26 = -0*a + f. What are the prime factors of a?
2, 3
What are the prime factors of 8/18 - 4620/(-54)?
2, 43
Let h = 7 + 21. What are the prime factors of h?
2, 7
Let d(n) = -7*n + 56. List the prime factors of d(-5).
7, 13
Let v(x) = -x**3 - 10*x**2 - x + 6. Let l(a) = -10*a. Let z be l(1). What are the prime factors of v(z)?
2
Suppose 7 + 23 = 5*a. List the prime factors of a.
2, 3
Let a(y) = -y**3 - 3*y**2 - 5*y + 4. List the prime factors of a(-4).
2, 5
Let o(g) = -g**3 + 4*g**2 + g + 1. Let p be o(4). Suppose -p*w - 47 = -4*r, -5*r - 3*w = -0*w - 68. List the prime factors of r.
13
Let d(w) = w**2 + 4*w + 3. Let u be d(-5). Suppose -2 = z - c, 2*z - 4*c + u = -0*z. Suppose z*s - 8 = -4*s. List the prime factors of s.
2
Suppose 5*u - 120 - 40 = 0. List the prime factors of u.
2
List the prime factors of ((-15)/2)/((-2)/8).
2, 3, 5
Let a(b) = 2*b - 7. What are the prime factors of a(11)?
3, 5
Let l be (2 - -1)/((-27)/(-72)). List the prime factors of (-670)/(-16) + 1/l.
2, 3, 7
What are the prime factors of (-2 - 25/2)/((-4)/24)?
3, 29
Suppose 5 = -o + 8. Suppose -2*v + 65 = o*v. List the prime factors of v.
13
Suppose 4*m + 4 = -l + 3, 5*m = -l - 2. Suppose 0*q = l*q - 39. List the prime factors of q.
13
Suppose y + 0*y - 2 = 0. Suppose 4*a - 4 - 46 = -y*h, 0 = 4*h + 2*a - 94. List the prime factors of h.
23
Let g(h) be the first derivative of -h**3/3 + 5*h**2/2 - 2*h + 1. Let w be g(5). What are the prime factors of (-6)/16*w*4?
3
Let u(f) = 4*f - 10. List the prime factors of u(16).
2, 3
Let m = -3 + 12. What are the prime factors of m?
3
Suppose 0 = 3*p + 4*y - 467, 2*p - 7*p - 4*y = -765. List the prime factors of p.
149
Let b be (-137)/15 - 6/(-45). List the prime factors of 3/(b*1/(-159)).
53
Let p(o) be the second derivative of o**4/12 - o**3/6 - 3*o**2/2 + 8*o. What are the prime factors of p(6)?
3
Suppose 0 = -4*x + 2*s + s + 281, -2*x - 5*s = -173. List the prime factors of x.
2, 37
Suppose -5*d + 3*y + 25 - 7 = 0, 2*d = -2*y + 4. Suppose 5*v + d*w - 103 = 0, -v + 2*w + 2*w = -16. What are the prime factors of v?
2, 5
Suppose -120 = -3*c + 5*p, -2*p = -c + p + 40. Suppose 48 = 4*k - 4*g, 7 = -2*k + 5*g + c. List the prime factors of k.
3
Suppose a - 137 = -45. List the prime factors of a.
2, 23
Let j = -297 + 446. List the prime factors of j.
149
What are the prime factors of ((-1)/2 + 343/(-6))*-3?
173
Let n be (24/(-9))/(6/(-9)). Suppose n - 12 = -4*p. Suppose 5*j - 40 = -p*k, 24 = -5*k - 1. List the prime factors of j.
2, 5
Let y = -7 - -9. Suppose -y*t - 3 = c, -4*t + 2 = c + 13. What are the prime factors of c?
5
Let r = 40 + -16. List the prime factors of r.
2, 3
Let i(z) = 138*z**2 + z. What are the prime factors of i(-1)?
137
Let t be 15/((9/6)/1). What are the prime factors of 2/(-10) + 162/t?
2
Suppose 2*s + 9 = -0*g + 3*g, 3*s + 6 = 2*g. Let x(j) = -j + 8. Let u be x(s). Let p = u + -6. What are the prime factors of p?
2
Let m(z) = z**3 - 3*z**2 - 11*z + 13. List the prime factors of m(7).
2, 3, 11
List the prime factors of (-8)/28 - 751/(-7).
107
Let w(y) = -5*y + 2. Let r be w(-2). What are the prime factors of (-22)/(-4)*r/6?
11
Let i = -11 + 18. Suppose -i = 5*n - 52. List the prime factors of n.
3
Suppose -5*h + 4*j + 419 = 0, -3*h + 233 = 5*j - 11. What are the prime factors of h?
83
Let s be (-1)/(3*4/12). Let k = s - -8. List the prime factors of k.
7
Suppose g + h - 7 = -4*h, 0 = -3*g - h + 7. Suppose -2*l - g = -4. What are the prime factors of l*45*1/3?
3, 5
Suppose -17 = q - 5*c + 10, -3*q + 3*c - 21 = 0. Let h = 8 + q. List the prime factors of h.
2, 3
Suppose -251 = -4*k - 5*w, -k + 4*w + 47 = -0*k. List the prime factors of k.
59
Let p(c) = c**3 - 7*c**2 + 10. What are the prime factors of p(8)?
2, 37
Suppose 6*m = 3*m + 6. Suppose m*g - 44 = -2*g. What are the prime factors of g?
11
Let w = 10 + 15. List the prime factors of w.
5
Let f(z) = z**3 + 7*z**2 - 10*z - 4. Let c(i) = -i**2 + 5*i - 2. Let p be c(6). List the prime factors of f(p).
2, 3
Let h = 8 - -6. Let m = h + -7. What are the prime factors of m?
7
Let d be -2 + (-3)/((-6)/16). Suppose 50 = 5*r - r + 2*h, -d = 2*h. What are the prime factors of r?
2, 7
Suppose 2*n - 20 = -2*n. List the prime factors of n.
5
Let p(t) = t**2 + 10*t - 9. Suppose -v - 16 = -5*v. Let o = -15 + v. What are the prime factors of p(o)?
2
Let m(y) = y + 3. Let j be m(-4). Let i be j*2 - (-2 - 0). Let s = 4 - i. List the prime factors of s.
2
Suppose 3*x = -5*j + 21, 0*j = 2*j + 4*x - 14. Suppose j*b - 66 = -0*b. What are the prime factors of b?
2, 11
List the prime factors of (-51)/(-7) + (-24)/84.
7
Suppose 2*j + 1 + 11 = 0. Let w be (j/(-4))/(-3)*6. Let h = 3 - w. What are the prime factors of h?
2, 3
Let s(h) = h**2 + 6*h - 2. Let q(v) = -v**2 + 2*v + 6. Let u be q(5). What are the prime factors of s(u)?
5
What are the prime factors of -274*(-4 - 42/(-12))?
137
Let j = 329 + -177. List the prime factors of j.
2, 19
Let z(i) = i**3 + 6*i**2 + i - 7. Let y be z(-5). Let s = y + 5. List the prime factors of s.
2, 3
Suppose 0*j + 3*j = -30. Let h = 19 + j. List the prime factors of h.
3
Suppose 5*w - 2 = -2*j, -2*w + 0*w + 16 = -3*j. What are the prime factors of 114/12 + w/4?
2, 5
Let p be ((-1)/3)/(3/(-27)). Suppose 0 = -2*q - p + 11. What are the prime factors of q?
2
Let p(u) = -u + 1. Let t be p(-2). Suppose -18 = -4*l + 2*w, t*l - 5*w - 7 = -10*w. Suppose r + l*r - 25 = 0. What are the prime factors of r?
5
Let n(d) be the second derivative of d**3/6 - d**2/2 - 3*d. What are the prime factors of n(9)?
2
Let a = -18 - -25. Suppose 0 = 5*g - 4*l + a*l - 32, -3*l = -3*g. Suppose -g*z = 3*d - 55, 3*d + z = 57 - 14. What are the prime factors of d?
13
Suppose -5*v - 4*x + 93 = 0, x + 6 = 4*x. Suppose i - 2*i = -v. List the prime factors of i.
17
Let d = -20 + 22. Suppose 0 = -d*g + 70 + 34. List the prime factors of g.
2, 13
Let m(k) = -4*k + 6. List the prime factors of m(-7).
2, 17
Let w = -5 - -5. Suppose -2 = 2*s 